).
364
Let v(h) = -2*h**2 + 355*h + 2162. Calculate v(-6).
-40
Let y(n) = -n**2 - 524*n + 96182. Determine y(-668).
-10
Let p(m) = -1399*m + 60152. What is p(43)?
-5
Let j(m) = 1956*m - 1920. What is j(1)?
36
Let f(z) = -3*z**3 + 86*z**2 - 158*z + 2827. Calculate f(28).
-29
Let g(p) = -78*p**2 + 875*p - 754. Determine g(10).
196
Let p(d) = 30*d - 973. Give p(-20).
-1573
Let o(b) = 92*b**2 - 3332*b - 6673. What is o(-2)?
359
Let m(a) = -243*a - 32926. Give m(-155).
4739
Let a(g) = -165*g - 3378. What is a(-19)?
-243
Let d(x) = -8*x**3 + 13*x**2 + x + 21. Calculate d(4).
-279
Let r(f) = -10*f**2 + 26*f - 40. Give r(6).
-244
Let t(c) = -2*c**3 + 595*c**2 - 43700*c + 1018. Give t(132).
-38
Let w(p) = -262*p - 5176. Give w(-18).
-460
Let j(m) = -48*m - 3426. What is j(-44)?
-1314
Let b(w) = w**3 - 32*w**2 + 97*w + 38. Determine b(26).
-1496
Let m(y) = -y**2 + 783*y - 111134. Give m(186).
-92
Let g(i) = -4*i**3 - 440*i**2 + 4801*i + 118. What is g(-120)?
-2
Let j(d) = d**3 - 33*d**2 - 211*d + 3906. Determine j(35).
-1029
Let t(m) = -3171*m + 10885. What is t(4)?
-1799
Let g(k) = 2*k**3 - 179*k**2 - 87*k + 456. Calculate g(90).
726
Let t(l) = -l**2 - 73*l + 24424. Calculate t(124).
-4
Let v(y) = -80*y + 5642. Give v(21).
3962
Let c(w) = w**2 - 30714*w - 830023. Give c(-27).
-16
Let r(n) = 38*n - 982. Calculate r(23).
-108
Let u(l) = -130*l + 31296. What is u(241)?
-34
Let c(s) = -5*s**2 + 817*s - 337. Determine c(163).
-11
Let r(u) = -u**3 - 51*u**2 - 29*u + 1121. Calculate r(-50).
71
Let v(z) = 3043*z + 121878. What is v(-40)?
158
Let b(k) = 3*k**2 + 2886*k + 204389. What is b(-77)?
-46
Let n(b) = b**3 - 910*b**2 - 74*b + 67350. Give n(910).
10
Let f(k) = 2*k**3 - 62*k**2 + 287*k - 13. What is f(5)?
122
Let m(z) = z**3 + 46*z**2 + 269*z + 1747. Determine m(-41).
-877
Let k(r) = -34*r**3 - 46*r**2 + 620*r + 1. Determine k(-5).
1
Let l(m) = -m**3 + 241*m**2 - 5396*m + 20. Give l(25).
120
Let d(t) = -2*t**2 + 3750*t - 11257. Calculate d(3).
-25
Let a(c) = 12*c + 5445. Give a(-458).
-51
Let h(x) = 18*x**3 + 771*x**2 - 131*x - 63. Give h(-43).
23
Let x(m) = -3*m**2 + 1244*m - 16790. Determine x(14).
38
Let d(h) = -2*h**3 - 63*h**2 + 795*h + 665. Give d(-41).
9
Let w(p) = -p**3 + 66*p**2 + 84*p - 1139. Give w(67).
0
Let f(z) = 87394*z + 2184884. Determine f(-25).
34
Let s(c) = 738*c - 9522. What is s(13)?
72
Let m(o) = o**2 - 314*o + 24347. Give m(146).
-181
Let u(c) = -2042*c + 12317. What is u(6)?
65
Let x(j) = 691*j**3 - 6218*j**2 - 26*j + 154. What is x(9)?
1
Let p(n) = -n**2 + 6165*n + 24671. What is p(-4)?
-5
Let c(i) = i**3 + 45*i**2 - 1982*i - 2715. What is c(-72)?
21
Let k(n) = 18655*n - 298491. Calculate k(16).
-11
Let j(f) = -8*f**2 - 1191*f - 17941. Give j(-17).
-6
Let w(q) = 31*q**2 - 232*q - 468. What is w(9)?
-45
Let g(p) = p**3 + 130*p**2 - 3001*p + 15959. Determine g(11).
9
Let u(v) = -812*v - 6714. What is u(-8)?
-218
Let q(x) = 4*x**2 - 10784*x - 32360. Determine q(-3).
28
Let s(c) = -3*c**2 - 147*c - 1846. Calculate s(-24).
-46
Let q(w) = 24*w + 11450. Calculate q(-476).
26
Let a(y) = 11*y**3 + 175*y**2 - 404*y + 183. What is a(-18)?
3
Let t(m) = 3*m**3 - 126*m**2 + 188*m - 70. Give t(41).
2595
Let y(s) = -435*s + 13868. Determine y(32).
-52
Let c(m) = -6718*m - 174687. Calculate c(-26).
-19
Let r(q) = 212*q + 6381. Determine r(-30).
21
Let g(p) = 109*p**3 - 3990*p**2 + 2376*p + 9. Determine g(36).
9
Let n(h) = -5206*h + 25979. Give n(5).
-51
Let k(h) = -7*h**3 + 32*h**2 + 1223*h - 3767. Calculate k(3).
1
Let h(x) = 84*x**2 + 910*x - 1826. What is h(2)?
330
Let m(y) = 761*y**2 - 637716*y - 1678. Give m(838).
-2
Let i(x) = 2*x**2 - 3343*x - 811258. What is i(-215)?
-63
Let u(h) = -72*h**2 + 8017*h - 2779. What is u(111)?
-4
Let q(n) = 1418*n - 49821. Give q(35).
-191
Let r(m) = -m**3 + 78*m**2 - 235*m + 14. Determine r(3).
-16
Let p(t) = -4286*t - 407182. Give p(-95).
-12
Let j(l) = 175902*l - 1055422. Give j(6).
-10
Let v(c) = 655*c - 3474. Give v(5).
-199
Let i(n) = -7*n**2 + 1515*n - 81831. Determine i(104).
17
Let u(v) = -v**2 + 101*v + 806. Determine u(-7).
50
Let t(q) = -11*q**2 - 25332*q - 1263325. Calculate t(-51).
-4
Let m(a) = 49*a**2 + 220*a - 1542. Calculate m(7).
2399
Let c(p) = -218704*p + 8310747. Determine c(38).
-5
Let q(i) = 279*i + 7560. What is q(-32)?
-1368
Let w(s) = -3*s**3 - 423*s**2 + 6506*s + 50. What is w(14)?
-6
Let c(r) = -2259*r**2 + 9021*r + 60. Calculate c(4).
0
Let y(d) = d**3 - 259*d**2 + 1011*d + 2258. Calculate y(255).
-37
Let d(z) = -907166*z + 4535827. Calculate d(5).
-3
Let p(u) = u**2 + 17*u - 12626. What is p(-121)?
-42
Let b(v) = 2679*v + 588. Determine b(0).
588
Let p(q) = 281*q - 358. Calculate p(6).
1328
Let b(f) = 3*f**3 + 74*f**2 - 246*f - 3711. Calculate b(-26).
-19
Let j(s) = 2*s**3 - 16*s**2 - 75*s + 675. Determine j(9).
162
Let r(n) = -n**2 - 312*n - 5713. Give r(-20).
127
Let d(i) = -2*i**2 - 13*i + 105. Determine d(-12).
-27
Let j(o) = -4397*o + 79159. What is j(18)?
13
Let y(c) = c**2 - 7897*c - 221961. Calculate y(-28).
-61
Let l(b) = -62*b + 58127. Calculate l(939).
-91
Let u(y) = -11812*y + 1228448. What is u(104)?
0
Let n(i) = -3*i**3 - 212*i**2 - 160*i - 1435. Determine n(-70).
-35
Let c(o) = -220*o**2 - 50*o + 11. Calculate c(1).
-259
Let r(v) = 8*v**2 + 486*v - 624. Give r(-62).
-4
Let x(n) = 161*n**2 - 16586*n - 173. Determine x(103).
-482
Let t(s) = 4*s**2 - 550*s + 11182. Calculate t(22).
1018
Let k(c) = -174832*c - 12063413. Give k(-69).
-5
Let w(l) = 5*l**2 + 2099*l - 43988. Calculate w(21).
2296
Let j(x) = -12*x**2 - 1242*x - 673. What is j(-103)?
-55
Let q(g) = -661*g - 3920. Determine q(-7).
707
Let q(s) = s**3 - 192*s**2 + 742*s + 2116. Give q(188).
236
Let h(j) = 82*j**2 - 5293*j + 77651. Calculate h(42).
-7
Let j(y) = -311*y**2 + 104491*y + 1628. Give j(336).
-52
Let n(u) = 666*u**3 - 22642*u**2 - 89*u + 704. What is n(34)?
-10
Let n(r) = r**3 + 566*r**2 + 5563*r + 1690. Calculate n(-556).
22
Let z(a) = 105*a - 14136. What is z(120)?
-1536
Let u(q) = -6*q**2 - 117*q + 607. Calculate u(6).
-311
Let v(y) = -4*y**2 + 97*y - 473. Calculate v(17).
20
Let h(a) = 206*a + 681. Give h(-4).
-143
Let g(m) = -m**3 + 48*m**2 - 575*m - 27. Calculate g(25).
-27
Let k(l) = -44*l**3 + 151*l**2 + 23*l - 74. Calculate k(4).
-382
Let l(m) = -3*m**3 - 51*m**2 - 24*m - 29. Calculate l(-18).
1375
Let r(s) = s**2 + 53*s + 584. What is r(-50)?
434
Let v(g) = 471*g + 673. Give v(0).
673
Let w(f) = 15*f**3 - 83*f**2 + 130*f - 720. Determine w(6).
312
Let z(b) = -188*b + 189. Calculate z(0).
189
Let u(f) = 17*f**2 - 427*f - 71. Give u(26).
319
Let s(z) = z**2 + 624*z - 4427. Give s(7).
-10
Let p(s) = 1788*s + 12325. Calculate p(-7).
-191
Let j(r) = -8*r**2 - 2260*r + 35728. Calculate j(15).
28
Let z(n) = 224*n - 35919. Give z(160).
-79
Let t(h) = h**2 - 102*h + 1628. Calculate t(19).
51
Let o(x) = -561*x + 141359. Determine o(252).
-13
Let j(t) = t**3 + 699*t**2 + 4815*t + 3365705. What is j(-699)?
20
Let d(w) = -w**2 + 553482*w + 8302456. Calculate d(-15).
1
Let o(i) = i**2 + 53*i + 363. Determine o(-68).
1383
Let u(q) = -q**2 + 206*q - 12582. Calculate u(107).
-1989
Let r(b) = 11*b**3 + 13*b**2 + 32*b + 165. Determine r(-6).
-1935
Let u(p) = p**2 - 115*p + 2029. Calculate u(88).
-347
Let c(u) = -4*u**3 - 88*u**2 + 426*u - 219. What is c(5)?
-789
Let a(m) = 4138*m**2 - 1262093*m + 922. Give a(305).
7
Let g(s) = -s**2 - 65*s - 214. Calculate g(10).
-964
Let z(h) = h**3 - 64*h**2 + 240*h + 39. Determine z(60).
39
Let j(v) = 1779*v - 17781. Calculate j(10).
9
Let z(j) = -j**3 - 24*j**2 - 50673*j - 1318845. Calculate z(-26).
5
Let o(r) = -41061*r - 5378993. What is o(-131)?
-2
Let y(b) = 11527*b + 46183. Calculate y(-4).
75
Let r(s) = s**3 - 147*s**2 - 1196*s - 6764. Calculate r(155).
56
Let z(o) = -17*o**3 - 952*o**2 + 33*o + 53. What is z(-56)?
-1795
Let l(z) = 8528416*z - 68227328. Determine l(8).
0
Let s(n) = 2*n**3 + 45*n**2 - 235*n - 81. Determine s(-27).
-297
Let x(m) = -m**2 + 367*m + 173915. What is x(639)?
107
Let q(j) = 12*j**2 + 21451*j + 42900. Determine q(-2).
46
Let z(n) = -11*n**3 + 14*n**2 - 29*n - 508. What is z(-6)?
2546
Let b(y) = -y**3 + 13*y**2 - 3434*y + 6828. What is b(2)?
4
Let u(x) = -87*x**2 - 624*x - 9. Determine u(-7).
96
Let n(j) = -15*j**3 - 735*j**2 + 2*j + 17